2). Let c be z(i). Calculate the greatest common factor of 12 and c.
12
Let j(o) = 36*o**2 + 21*o - 43. Let u be j(5). Calculate the greatest common divisor of u and 74.
74
Let g(u) = -u + 11. Let k be g(8). Let i(t) = 2*t**3 + 29*t**2 - 16*t - 12. Let c be i(-15). What is the greatest common divisor of k and c?
3
Let h = -11 + 55. Let r(c) be the third derivative of c**5/60 + c**4/12 - 2*c**3/3 + 6*c**2. Let u be r(-5). Calculate the greatest common factor of u and h.
11
Let w(v) be the second derivative of 0 + 3/2*v**2 + 5/6*v**4 - 5*v - 1/20*v**5 - 4/3*v**3. Let h be w(6). What is the greatest common divisor of h and 11?
11
Suppose 0*l + 13 = -3*l - k, 5*k - 13 = -2*l. Let n be 13/6 - (-1)/l. Suppose 0 = q + n*q - 240. What is the highest common factor of q and 8?
8
Let c(k) = -6*k + 2. Let s be c(2). Let m(y) = y**3 - 3*y + 2*y - 5*y + 3*y + 2 + 10*y**2. Let q be m(s). What is the highest common factor of 48 and q?
16
Let z = -28 - -31. Suppose s + 47 = 4*c, c - 27 = -z*c + 5*s. Suppose -5*i + 0*i = -455. What is the greatest common factor of c and i?
13
Let t = 301 - 85. Suppose t = 9*s - 72. What is the highest common factor of s and 48?
16
Let c(l) = -12*l + 242. Let s be c(20). Calculate the greatest common factor of s and 154.
2
Suppose -450 = 203*u - 208*u. Calculate the highest common factor of 36 and u.
18
Suppose -2*f + 32 = -5*r, -16 = f - 2*f - 5*r. Suppose 8*y - f - 8 = 0. Let a = 1 - -2. Calculate the greatest common divisor of a and y.
3
Let w(q) be the second derivative of 0 - 8*q - 2/3*q**3 + 1/12*q**4 - 3*q**2. Let v be w(7). Calculate the highest common factor of v and 60.
15
Suppose -2*y + 60 - 28 = r, y - 30 = 3*r. Suppose -4*f + 122 = -238. What is the highest common factor of y and f?
18
Let h = -22 + 22. Suppose h = 3*y - 5*n + 10, 5*n - 20 = y - 0*n. Suppose r + 4*s = 83, y*r + s - 162 = 158. What is the highest common factor of r and 9?
9
Let u(x) = -3*x**3 - 3*x**2 - 6*x. Let b be u(-3). Calculate the highest common divisor of 120 and b.
24
Let l = -774 + 786. What is the greatest common factor of l and 20?
4
Suppose 139*c - 124*c = 9225. Calculate the highest common factor of 15 and c.
15
Let d = -76 - -32. Let r = d - -88. Suppose -4*f - q = -46, 3 + 29 = 2*f + 5*q. What is the greatest common divisor of r and f?
11
Let v = -201 + 205. What is the greatest common factor of 3 and v?
1
Let n(d) = 3*d - 2. Suppose 4 = 8*o - 6*o. Suppose -3*v + 3 = 2*q - 10, 2*v - o*q = 22. Let g be n(v). What is the greatest common factor of 171 and g?
19
Let z = 17 + -21. Let m(i) = i + 6. Let u be m(z). Suppose -3*l + u*r + 52 = 0, 6 = -2*r - r. Calculate the highest common factor of 8 and l.
8
Let h be (635/25 + 1)/((-5)/(-25)). Calculate the greatest common factor of h and 324.
12
Suppose 5*b - 83 = -c, 73*c = 68*c - 5*b + 395. What is the greatest common divisor of c and 858?
78
Let x(t) = 67*t**2 + 23*t - 5. Let f be x(-2). What is the highest common divisor of 93 and f?
31
Let f = 268 + -262. Suppose -30 = -2*u - 0*u. Calculate the highest common divisor of u and f.
3
Let q be (0 + 4)*(-5)/(-10). Suppose -3*f = -q*f + 79. Let i = f + 115. Calculate the greatest common factor of 54 and i.
18
Let w(i) = i**3 - 14*i**2 - 4*i + 21. Let t be w(14). Suppose 2*x = -2*x - 60. Let n = x - t. Calculate the greatest common factor of n and 10.
10
Let m(u) = -2*u**2 + 32*u + 126. Let v be m(18). Let f be ((-72)/(-5))/2*5. What is the greatest common factor of v and f?
18
Let w = 69 - -1005. Suppose -3*q = -q - p - 705, -3*q - 4*p + w = 0. Suppose -4*a + 2*x = 134 - q, -2 = x. What is the highest common divisor of a and 6?
6
Suppose 3*x = 3*c - 45, 75*x = -4*c + 70*x + 51. Calculate the greatest common factor of 2282 and c.
14
Let b be (-3 + 2)/(2/(-12)). Let c(d) = -d**3 + 5*d**2 + 7*d + 8. Let a be c(b). Calculate the greatest common divisor of 14 and a.
14
Suppose 3*y - 80 = 124. Let x = 100 - y. Calculate the highest common divisor of 80 and x.
16
Let s = -254 + 294. What is the greatest common divisor of 5 and s?
5
Let i = 17 - 12. Suppose i*w = -0*w + l + 103, 0 = -4*w + 5*l + 74. What is the greatest common divisor of w and 42?
21
Let s = -69 - -111. Let t = -9 - -8. Let d be (0 - t)/(3/42). What is the highest common divisor of s and d?
14
Suppose 2*y - 190 = -0*y. Suppose 2*z - 106 = -2*z - 2*h, -5*z = -5*h - y. Calculate the greatest common factor of 60 and z.
12
Let v(g) = 61*g**2 + 40*g + 6. Let a be v(-3). What is the greatest common factor of 15 and a?
15
Let r be ((-2)/(-3))/((-2)/(-18)). Let a = r + 0. Suppose -5*j + 4*j = -a. Calculate the greatest common divisor of 18 and j.
6
Let q(z) = 7*z - 5. Let b be q(2). Suppose -4*r = -2*p + 4 - 8, 5*r + 5*p = -25. Let y = r + b. What is the highest common divisor of y and 8?
8
Let t = -72 - -68. Let a be t + (7/1 - -1). Calculate the highest common factor of 10 and a.
2
Let b(u) = -2*u**2 - 21*u + 16. Let a be b(-11). Suppose -3*f + 96 = a*i, 3*i + 0*i + 5*f = 48. Calculate the highest common factor of 63 and i.
21
Suppose -3*w = v - 247, 5*w - 201 = -4*v + 220. Suppose 3*c + t - 16 = c, 3*c - 5*t = 24. Let l = 17 - c. What is the greatest common divisor of l and w?
9
Let j(u) = 88*u**2 - 5*u + 18. Let r be j(2). Calculate the highest common factor of 18 and r.
18
Suppose 0 = -3*a + 5*a - 176. Suppose 0 = -r + 6*r. Let i be r + ((-40)/(-5))/1. What is the highest common factor of i and a?
8
Let v be -15*(108/(-15))/2. What is the highest common divisor of 1242 and v?
54
Let o(p) = p**3 + 6*p**2 + 11*p + 18. Let v be o(-3). Calculate the highest common divisor of v and 28.
4
Let v be 6/(-4)*6*-5. Let n = v + -24. Suppose 0 = 3*l + 3*m - 27, 0 = -2*l + m + 12. What is the greatest common divisor of l and n?
7
Let k = 72 - 63. Let d(r) = 4*r - 16. Let j be d(k). Calculate the highest common factor of j and 8.
4
Suppose -23*t + 1001 + 1069 = 0. Let k(i) = -2*i - 4. Let p = 1 - 8. Let v be k(p). Calculate the highest common divisor of v and t.
10
Let m be -2 - (-4 + 4 - 82). Suppose -3*r + 5*n + 56 = 0, -3*r - 5*n - m = -8*r. What is the highest common divisor of r and 108?
12
Let g be (-1)/(2/11) - 51/(-34). Let a = 20 - g. What is the greatest common factor of 3 and a?
3
Suppose -21*i = -274 + 85. Let t be 9/2*-2*-11. Calculate the highest common divisor of t and i.
9
Suppose -480 = -13*d + 1834. What is the highest common divisor of d and 89?
89
Suppose 157 = 2*p - k, 2*k + 391 = 22*p - 17*p. What is the greatest common divisor of 88 and p?
11
Suppose 0 = 3*r - 7*r - 20, r = -5*l + 130. Suppose l + 15 = -3*y. Let j be ((-72)/y)/(8/28). What is the highest common divisor of j and 162?
18
Let y(o) be the first derivative of -o**2 - 32*o + 11. Let m be y(-13). Let t = m + 23. Calculate the highest common factor of t and 68.
17
Let i(z) = -2 - 13*z**3 + 3 + 4*z**2 + 3*z - z**2 - 2*z**2. Let m be i(-1). What is the highest common divisor of m and 108?
12
Let l(b) = 6*b - 12. Let d be l(7). Let w(k) = 3*k - 32. Suppose 1 = -x + 15. Let p be w(x). What is the highest common divisor of p and d?
10
Suppose -19 = -8*k + 13. Let d = 1 + k. Suppose d*p = 2*h - 21 + 65, -3*p + 4*h = -32. Calculate the greatest common divisor of 32 and p.
8
Let n(i) = 168*i**2 + 0 - 8*i + 3 + 9*i - 2. Suppose r = g + 3 - 4, 4*r + 6 = 5*g. Let l be n(r). Calculate the highest common factor of 17 and l.
17
Suppose 11*h = -10*h + 63. Calculate the greatest common divisor of h and 12.
3
Let z(i) = -i + 17. Let d be z(-3). Let b(h) = 3*h - 42. Let x be b(d). Calculate the highest common divisor of x and 18.
18
Let g be 5/(15/2)*609 - 0. What is the highest common divisor of 28 and g?
14
Let b be (-368)/10*2975/(-238). What is the greatest common divisor of 20 and b?
20
Suppose 3*w - 2*d = 112, 3*w + 3*d - 140 = -2*d. Suppose 3*x = 4*l + 976, 0 = -x - 8*l + 7*l + 316. Calculate the highest common divisor of x and w.
40
Let p = -20 - -24. Let i(j) = j**3 + 6*j - 2. Let t be i(p). What is the greatest common factor of 129 and t?
43
Let s = 2796 - 2598. Calculate the highest common factor of 288 and s.
18
Let u be -1 + 2 - 3 - -2. Suppose u*d = d + 5, 667 = 4*n + d. Calculate the highest common factor of n and 21.
21
Let m(t) = 3*t**2 - 8*t - 3. Let p be m(9). Suppose -2*b - 16 = -p. Let v be 567/5 + 0 - (-3)/5. Ca